hest common factor of 32 and 443232.
32
What is the greatest common factor of 15 and 4928835?
15
Calculate the highest common divisor of 416 and 1528.
8
Calculate the greatest common factor of 92118 and 4134.
78
Calculate the highest common divisor of 7 and 29827.
7
Calculate the greatest common factor of 340 and 85780.
20
Calculate the greatest common factor of 600538 and 86.
86
Calculate the greatest common factor of 568744 and 281.
281
What is the greatest common factor of 11572 and 88?
44
Calculate the greatest common factor of 2109 and 60.
3
Calculate the highest common divisor of 505945 and 55.
55
Calculate the highest common divisor of 526 and 85475.
263
What is the highest common factor of 152 and 500840?
152
What is the highest common factor of 4879576 and 104?
104
What is the highest common divisor of 25536 and 200298?
798
Calculate the highest common factor of 25255 and 10.
5
What is the highest common divisor of 6071 and 1205327?
467
What is the highest common divisor of 3174 and 145659?
69
What is the highest common divisor of 105 and 29680?
35
What is the highest common factor of 714 and 4977?
21
Calculate the highest common factor of 32992 and 288.
32
What is the greatest common factor of 165 and 8965?
55
What is the highest common divisor of 1118761 and 3801?
1267
What is the greatest common divisor of 1034 and 3337?
47
Calculate the greatest common factor of 16727 and 51737.
389
Calculate the greatest common factor of 959 and 2329.
137
Calculate the greatest common divisor of 1218 and 39.
3
Calculate the highest common factor of 107851 and 145.
29
Calculate the highest common factor of 11635233 and 353.
353
Calculate the greatest common factor of 700 and 9950.
50
What is the highest common factor of 101880 and 315?
45
What is the highest common divisor of 3424 and 304?
16
What is the greatest common divisor of 172 and 289992?
172
What is the highest common divisor of 41310 and 5?
5
What is the greatest common factor of 45471 and 207?
69
Calculate the highest common divisor of 2445396 and 348.
348
Calculate the highest common factor of 12 and 286374.
6
Calculate the greatest common divisor of 132405 and 13.
13
Calculate the greatest common factor of 138649 and 203.
203
What is the greatest common divisor of 172270 and 2254?
322
What is the highest common factor of 5301 and 92473?
589
Calculate the greatest common divisor of 3076435 and 349.
349
Calculate the highest common divisor of 7774 and 5746.
338
What is the greatest common factor of 10593 and 1881?
99
What is the greatest common factor of 2360 and 365210?
590
Calculate the greatest common factor of 1981 and 17546.
283
What is the highest common divisor of 213 and 156?
3
Calculate the greatest common divisor of 285 and 26115.
15
Calculate the highest common divisor of 12 and 101553.
3
What is the highest common factor of 55431 and 81?
27
Calculate the highest common factor of 3000 and 13400.
200
Calculate the highest common divisor of 1144 and 19864.
104
What is the highest common factor of 600 and 12312?
24
Calculate the highest common divisor of 152728 and 221.
17
Calculate the highest common factor of 19 and 12217.
19
What is the highest common divisor of 13650 and 400?
50
Calculate the highest common factor of 2 and 168422.
2
Calculate the highest common divisor of 46 and 33534.
46
Calculate the highest common factor of 2064 and 21552.
48
What is the highest common factor of 7 and 119329?
7
What is the highest common divisor of 867 and 729?
3
What is the highest common factor of 120 and 4395?
15
Calculate the greatest common divisor of 70 and 39860.
10
What is the highest common factor of 177 and 3859957?
59
What is the greatest common factor of 2739424 and 32?
32
What is the greatest common divisor of 509432 and 616?
616
What is the greatest common divisor of 17640 and 81792?
72
Calculate the highest common factor of 221421 and 759.
69
Calculate the greatest common divisor of 2912 and 9520.
112
Calculate the greatest common divisor of 11089 and 273.
13
Calculate the highest common divisor of 1035 and 60.
15
What is the greatest common divisor of 1708 and 78080?
244
Calculate the highest common factor of 20560 and 3620.
20
Calculate the greatest common factor of 2196 and 1004060.
244
What is the greatest common divisor of 500 and 76?
4
What is the highest common factor of 138 and 2046?
6
What is the greatest common divisor of 300921 and 1443?
111
What is the highest common divisor of 24 and 35544?
24
What is the highest common divisor of 196 and 726404?
28
What is the greatest common divisor of 106430 and 3480?
290
Calculate the greatest common divisor of 651 and 2152857.
651
What is the greatest common factor of 2059 and 56840?
29
What is the greatest common factor of 3192 and 88872?
168
What is the greatest common factor of 1190 and 9197?
17
What is the greatest common divisor of 35154 and 729?
81
What is the highest common divisor of 2584 and 1387?
19
Calculate the highest common factor of 18 and 1466820.
18
Calculate the highest common divisor of 676471 and 1645.
47
Calculate the greatest common factor of 7 and 89943.
7
Calculate the highest common divisor of 7813 and 1625.
13
What is the greatest common divisor of 2800 and 63?
7
Calculate the highest common divisor of 17 and 136.
17
Calculate the highest common divisor of 190 and 450.
10
Calculate the highest common factor of 11 and 4939.
11
What is the highest common factor of 79576 and 87?
29
What is the greatest common divisor of 150520 and 6390?
710
What is the highest common divisor of 8 and 85876?
4
Calculate the greatest common factor of 176362 and 3488.
218
Calculate the greatest common divisor of 54717 and 21229.
299
Calculate the highest common divisor of 63 and 1989.
9
What is the highest common factor of 3 and 65109?
3
Calculate the highest common factor of 912 and 1136238.
114
What is the greatest common factor of 318 and 158682?
318
What is the highest common factor of 288020 and 20?
20
Calculate the highest common factor of 57532 and 76.
76
Calculate the highest common factor of 2144 and 48.
16
Calculate the highest common divisor of 908 and 7037.
227
Calculate the greatest common divisor of 206592 and 138.
6
What is the greatest common divisor of 33 and 4156339?
11
What is the highest common factor of 75 and 150?
75
Calculate the highest common divisor of 75059 and 143730.
1597
Calculate the highest common factor of 30992 and 423160.
1192
Calculate the greatest common factor of 179221 and 21.
7
What is the highest common factor of 15370 and 5220?
290
What is the highest common divisor of 114 and 15573?
3
What is the greatest common factor of 2 and 626120?
2
Calculate the greatest common factor of 47664 and 63.
9
What is the greatest common factor of 331 and 1193917?
331
What is the highest common factor of 75791 and 19?
19
What is the greatest common divisor of 320 and 7480?
40
Calculate the greatest common divisor of 28679 and 238.
119
Calculate the greatest common factor of 232 and 467480.
232
What is the highest common factor of 5 and 70655?
5
What is the highest common divisor of 217 and 1377299?
217
Calculate the highest common divisor of 10118489 and 934.
467
Calculate the greatest common factor of 459889 and 3582.
199
Calculate the highest common factor of 349590 and 774.
258
Calculate the highest common divisor of 98 and 3202.
2
Calculate the greatest common divisor of 52245 and 14823.
243
Calculate the greatest common divisor of 1220 and 1180.
20
Calculate the highest common divisor of 318 and 799346.
106
What is the greatest common factor of 512 and 136?
8
Calculate the highest common factor of 848176 and 728.
56
Calculate the highest common factor of 93 and 238421.
31
What is the highest common divisor of 24723 and 900?
9
What is the highest common divisor of 872 and 9678328?
872
What is the greatest common factor of 281760 and 45?
15
Calculate the highest common factor of 8390 and 850.
10
Calculate the highest common divisor of 458 and 340294.
458
Calculate the highest common factor of 11028070 and 170.
170
Calculate the greatest common factor of 245 and 1580985.
245
Calculate the highest common divisor of 1245322 and 78.
26
What is the highest common divisor of 6972 and 1344?
84
